1 - 0). What is the remainder when 106 is divided by (-32)/(-1*(-4)/(-12)*x)?
10
Suppose 321 = 5*a + 4*k, 114*a + 3*k = 107*a + 465. Let j = -1 + 29. Calculate the remainder when a is divided by j.
13
Suppose -3*o - 3*d - 408 = 0, 129 = -2*o + 3*d - 163. Let x = 150 + o. Calculate the remainder when 16 is divided by x.
6
Let s(m) be the third derivative of 19*m**4/12 + 11*m**3/6 + 2*m**2. What is the remainder when s(2) is divided by 18?
15
Suppose 4*t + 24 = 5*y, -3*t = -2*y + y - 4. Suppose y*o = 399 + 161. What is the remainder when o is divided by 4?
2
Let l = -8 + 44. What is the remainder when (-2159)/(-15) + (-84)/252 - 3/5 is divided by l?
35
Let s be 70*1/2*11. Suppose 3*g = 602 + s. Calculate the remainder when g is divided by 11.
10
Let q be ((-2)/2 - 2) + 0 + 5. Let k be (q + -6)/((4 + -2)/(-4)). What is the remainder when 70 is divided by (8/3)/(k/72)?
22
Suppose c = -0*c + 17. What is the remainder when 171/(-15) + (-28)/(-20) + 58 is divided by c?
14
Let c = -25 + 33. Let f(o) = o**3 - 8*o**2 + 5*o - 13. What is the remainder when 39 is divided by f(c)?
12
Suppose 4*a + 4*w - w = 480, w - 238 = -2*a. Suppose -4*l + a = -3*l. Calculate the remainder when l is divided by 24.
21
What is the remainder when 1936 is divided by (-301)/(-8) + (-342)/(-912)?
36
Suppose -2*m = 2*l - 350, 509 = 3*l - m - 0*m. Suppose 0*y + y - 74 = -4*n, y + 3*n = 74. Let g = -31 + y. What is the remainder when l is divided by g?
42
Suppose 73*z = -238*z + 143993. Suppose 0*q + 4*q - 64 = 0. What is the remainder when z is divided by q?
15
Let h(d) = 3*d**2 + 19*d + 10. Let w be h(-6). Suppose 15 = -5*v, 0*a - 48 = w*a + 4*v. Calculate the remainder when 42 - (1/(-8) + a/(-8)) is divided by 22.
19
Let r = 1167 - 413. Calculate the remainder when r is divided by 54.
52
Let j = -612 + 635. Let b be -14 + (-1 - -2) + -1. Let f = j + b. What is the remainder when 24 is divided by f?
6
Suppose 0 = -3*b - 15. Let r(s) be the third derivative of s**5/60 - s**3/3 + 28*s**2. What is the remainder when r(b) is divided by 13?
10
Calculate the remainder when 1547 is divided by 2/(596/74 - (-21 - -29)).
30
Let v(y) = -y**3 - 18*y**2 - 5*y - 53. Suppose -35 - 1 = 2*h. What is the remainder when 331 is divided by v(h)?
35
Let q = 404 + -176. Suppose 8*l = -4*l + q. Calculate the remainder when 341 is divided by l.
18
Let c be (-233)/4 - 2/(-8). Suppose 0 = -2*a + 5*n + 106, 2*a - 175 = -2*n - 41. Let h = a + c. What is the remainder when 16 is divided by h?
1
Suppose 2*i - 7*i = -25. Let n be (1981/(-42))/((-1)/6). Let d = -267 + n. What is the remainder when d is divided by i?
1
Let u = 3478 + -3331. Calculate the remainder when 879 is divided by u.
144
Let j(y) = y**3 - 13*y**2 + 47*y - 11. Let o be j(6). Let l(x) = 18*x**2 + 2 + 20*x - 4 - x**3 - 10. Calculate the remainder when 32 is divided by l(o).
4
Suppose 0 = 38*x + 16*x - 9*x - 2925. Calculate the remainder when 410 is divided by x.
20
Calculate the remainder when 409 is divided by -18 + (1 - -7) - -49.
19
Let s be 230/(-1265) - -12*(-2)/(-11). Suppose -833 = -3*f + 4*k + 481, 5*f + s*k - 2216 = 0. What is the remainder when f is divided by 12?
10
Suppose s = 6, g - 6*s = -3*s + 263. What is the remainder when g is divided by 6?
5
Suppose 4*f = -3*n - n + 448, -4*n = 31*f - 3229. Let b = 97 + -39. Suppose -m + 0*m + 24 = 3*c, 4*c + b = 2*m. What is the remainder when f is divided by m?
22
Let l = 34 + -12. Suppose -254*k = -177789 + 21579. What is the remainder when k is divided by l?
21
Let l = 37155 + -31590. Calculate the remainder when l is divided by 58.
55
Let a be (-2 - -14)/(15/(-6))*-5. Calculate the remainder when 85 is divided by (-213)/(-5) - a/(-60).
42
Suppose -407*q + d = -403*q - 3141, -3*q + 4*d = -2346. What is the remainder when 1618 is divided by q?
46
Let s(b) = 251*b - 1752. Let c = 15 + -11. Let z(d) = d**2 - 5*d + 6. What is the remainder when s(7) is divided by z(c)?
1
Let t = -563 - -542. Calculate the remainder when (-72)/t*(-1911)/(-42) is divided by 31.
1
Let x(h) be the third derivative of -5*h**4/24 - h**3/3 - 19*h**2. Calculate the remainder when 177 is divided by x(-4).
15
Let r(h) = -3*h**3 + 49*h**2 - 17*h + 58. What is the remainder when 1216 is divided by r(16)?
40
Suppose -597*n + 352 = -596*n. Suppose 2*p - n = -2*o, -5*o - 2*p + 3*p + 880 = 0. Calculate the remainder when o is divided by 95.
81
Let l = -4051 + 4120. What is the remainder when 1171 is divided by l?
67
Suppose -3*w + 2*a = 6 - 731, -966 = -4*w + 2*a. What is the remainder when 357 is divided by w?
116
Let p(c) = c**2 + 17*c - 155. Let t be p(-24). Suppose -1999 = -t*h - 582. What is the remainder when h is divided by 51?
7
Let a(j) = 11 + 24*j**2 - 23*j**2 + 9*j + 19. Let u be a(-13). Let k = -71 + u. Calculate the remainder when 30 is divided by k.
8
Suppose -5*h + 3*h + 201 = n, 2*h = 4*n + 206. Suppose z - 40 = 2*m, -3*m = -6*z + 8*z - h. What is the remainder when 90 is divided by z?
44
Suppose -5*c + 10 = 0, -k + 17*c = 13*c - 143. Suppose -70 = -4*r - r. What is the remainder when k is divided by r?
11
Suppose s + s - 2 = -a, 0 = -2*a + 4*s + 4. Suppose 25 = -7*r + a*r, j - 3*r = 14. Calculate the remainder when j + -1 + -11 + 15 + 81 is divided by 43.
40
Suppose 257*n + 72 = 269*n. What is the remainder when 338 is divided by n?
2
Let k(y) = y**2 + 59. Let x be (-2555)/(-7) + (-2)/4*10. Suppose x = 28*j - 4*j. What is the remainder when k(0) is divided by j?
14
Let q = 2 + 8. Calculate the remainder when -18*10/(-540)*162 is divided by q.
4
Let t(o) = -6*o - 20. Let j(k) = -2. Let g(q) = -3*j(q) + t(q). Suppose w - 20 - 38 = 0. Calculate the remainder when w is divided by g(-5).
10
Let k = 192 - 160. Suppose -128*d + 84 = -122*d. Calculate the remainder when k is divided by d.
4
Let u(m) = 2*m**2 - 77*m + 370. What is the remainder when u(5) is divided by 15?
5
Suppose 10*n - 16242 + 892 = 0. What is the remainder when n is divided by 77?
72
Let q = 60720 - 60693. What is the remainder when ((-62)/(-3))/(2/39) is divided by q?
25
Suppose -78*b = -81*b + 141. Calculate the remainder when 259 is divided by b.
24
Let r(j) = 6*j**2 - 8*j + 31. Let a be r(3). Let d = 169 - a. What is the remainder when d is divided by 19?
13
Suppose -j = 5*b - 44, 262*j - 70 = 257*j + 5*b. What is the remainder when 246 is divided by j?
18
Suppose -145*x + 15 = -140*x. Suppose 0 = -x*c + v + 114, c + 4*v + 160 = 5*c. Calculate the remainder when c is divided by 8.
5
Let d(x) = -x**3 + 6*x**2 + 7*x + 3. Let n be d(6). Suppose -2*g - 5*c = -37, -g + 4*g - n = -4*c. Calculate the remainder when 17 is divided by g.
6
Suppose -5*c = -37 - 108. Let f(s) = 6*s**2 - 82*s - 250. Calculate the remainder when f(-3) is divided by c.
21
Suppose -4*p + 31*s + 231 = 28*s, -4*p + 5*s + 233 = 0. Calculate the remainder when 204 is divided by p.
33
Suppose 33 = -43*b + 46*b. Suppose y + 6*k - b*k - 56 = 0, 2*k = -y + 35. Calculate the remainder when 63 is divided by y.
22
Let g = -3483 - -3495. Calculate the remainder when 358 is divided by g.
10
Let j = -4301 - -4492. What is the remainder when j is divided by 49?
44
Suppose 4*h + 0 = 12. Suppose -5*s + d + d + 501 = 0, s - h*d - 108 = 0. Let w(f) = -71*f - 122. What is the remainder when s is divided by w(-2)?
19
Calculate the remainder when 247 is divided by ((-22)/55)/((-6)/120).
7
Suppose 5*r - 8*r + p = -9, -p - 3 = 0. Suppose 2*j - 3*s - 9 = -r, s = -5*j + 60. Calculate the remainder when 1011 is divided by j.
10
Suppose 0 = u + 6*j - 3*j + 4, -5*u + j + 60 = 0. Let p = u + -19. What is the remainder when 89*2/6 - p/(-12) is divided by 11?
7
Suppose 15*m = 26*m - 22. Suppose -m*l + 18760 = 38*l. Calculate the remainder when l is divided by 94.
93
Let w = 472 + -349. Suppose -245*a = -242*a - w. What is the remainder when a is divided by 22?
19
Let p(t) = 2*t**2 + 7*t + 3. Let a(l) be the second derivative of 5*l**3 - 19*l**2/2 + 25*l. What is the remainder when a(3) is divided by p(-5)?
17
Suppose -34*y + 1300 = 37*y - 19*y. What is the remainder when y is divided by (-4)/(-10) - (-58)/5?
1
Let q(v) = v**3 + 8*v**2 - 55*v - 312. What is the remainder when -60*3*(-5)/4 is divided by q(-5)?
35
Calculate the remainder when 1*-2 + (2373 - (-10 + -7)) is divided by 4.
0
Suppose -n +